{"id":76,"date":"2014-06-29T15:27:46","date_gmt":"2014-06-29T15:27:46","guid":{"rendered":"http:\/\/voyager3.com\/?page_id=76"},"modified":"2019-06-27T09:15:27","modified_gmt":"2019-06-27T07:15:27","slug":"station-meteo","status":"publish","type":"page","link":"https:\/\/voyager3.com\/?page_id=76","title":{"rendered":"Station M\u00e9t\u00e9o"},"content":{"rendered":"<p>M\u00e9t\u00e9o actuelle \u2013 <a title=\"Station M\u00e9t\u00e9o \u2013 Observations\" href=\"https:\/\/voyager3.com\/?page_id=854\">Observations du jour<\/a> \u2013 <a title=\"Station m\u00e9t\u00e9o \u2013 Historique\" href=\"https:\/\/voyager3.com\/?page_id=860\">Historique<\/a> \u2013 <a href=\"https:\/\/voyager3.com\/?page_id=1414\">\u00c9quipement<\/a><\/p>\n\n<P><font color=\"#FF0000\"><B>- Mesure effectu\u00e9e le 14\/04\/2026 \u00e0 13h00-<\/B><\/font><\/P>\n<table>\n\t<tr>\n\t\t<td>Pression athmosph\u00e9rique&nbsp;<\/td>\n\t\t<td><b>1018.7 hPa&nbsp;<\/b><\/td>\n\t\t<td>Temp\u00e9rature ext\u00e9rieure&nbsp;<\/td>\n\t\t<td><b>12.1 &deg;C&nbsp;<\/b><\/td>\n\t<\/tr>\n\n\t<tr>\n\t\t<td>Humidit\u00e9 relative ext\u00e9rieure&nbsp;<\/td>\n\t\t<td><b>91 %&nbsp;<\/b><\/td>\n\t\t<td>Point de ros\u00e9e&nbsp;<\/td>\n\t\t<td><b>10.7 &deg;C&nbsp;<\/b><\/td>\n\t<\/tr>\n\n\t<tr>\t\n\t\t<td>Temp\u00e9rature ressentie&nbsp;<\/td>\n\t\t<td><b>12.1 &deg;C&nbsp;<\/b><\/td>\n\t\t<td>Temp\u00e9rature sous la coupole&nbsp;<\/td>\n\t\t<td><b>14.1 &deg;C&nbsp;<\/b><\/td>\n\t<\/tr>\n\n\t<tr>\n\t\t<td>Humidit\u00e9 sous la coupole&nbsp;<\/td>\n\t\t<td><b>65 %&nbsp;<\/b><\/td>\n\t<\/tr>\n<\/table>\n\n\n<p>&nbsp;<\/p>\n","protected":false},"excerpt":{"rendered":"<p>M\u00e9t\u00e9o actuelle \u2013 Observations du jour \u2013 Historique \u2013 \u00c9quipement &nbsp;<\/p>\n","protected":false},"author":1,"featured_media":0,"parent":13,"menu_order":0,"comment_status":"closed","ping_status":"closed","template":"","meta":{"_exactmetrics_skip_tracking":false,"_exactmetrics_sitenote_active":false,"_exactmetrics_sitenote_note":"","_exactmetrics_sitenote_category":0,"jetpack_post_was_ever_published":false,"footnotes":""},"class_list":["post-76","page","type-page","status-publish","hentry"],"jetpack_sharing_enabled":true,"jetpack_shortlink":"https:\/\/wp.me\/P6Vaq2-1e","jetpack_likes_enabled":true,"_links":{"self":[{"href":"https:\/\/voyager3.com\/index.php?rest_route=\/wp\/v2\/pages\/76","targetHints":{"allow":["GET"]}}],"collection":[{"href":"https:\/\/voyager3.com\/index.php?rest_route=\/wp\/v2\/pages"}],"about":[{"href":"https:\/\/voyager3.com\/index.php?rest_route=\/wp\/v2\/types\/page"}],"author":[{"embeddable":true,"href":"https:\/\/voyager3.com\/index.php?rest_route=\/wp\/v2\/users\/1"}],"replies":[{"embeddable":true,"href":"https:\/\/voyager3.com\/index.php?rest_route=%2Fwp%2Fv2%2Fcomments&post=76"}],"version-history":[{"count":44,"href":"https:\/\/voyager3.com\/index.php?rest_route=\/wp\/v2\/pages\/76\/revisions"}],"predecessor-version":[{"id":2757,"href":"https:\/\/voyager3.com\/index.php?rest_route=\/wp\/v2\/pages\/76\/revisions\/2757"}],"up":[{"embeddable":true,"href":"https:\/\/voyager3.com\/index.php?rest_route=\/wp\/v2\/pages\/13"}],"wp:attachment":[{"href":"https:\/\/voyager3.com\/index.php?rest_route=%2Fwp%2Fv2%2Fmedia&parent=76"}],"curies":[{"name":"wp","href":"https:\/\/api.w.org\/{rel}","templated":true}]}}