{"id":3529,"date":"2025-10-24T17:39:23","date_gmt":"2025-10-24T15:39:23","guid":{"rendered":"https:\/\/voyager3.com\/?page_id=3529"},"modified":"2026-03-16T21:23:46","modified_gmt":"2026-03-16T20:23:46","slug":"pv-cr-2025-2026","status":"publish","type":"page","link":"https:\/\/voyager3.com\/?page_id=3529","title":{"rendered":"PV\/CR 2025-2026"},"content":{"rendered":"\n<ul>\n<li><a href=\"https:\/\/voyager3.com\/wp-content\/uploads\/2025\/10\/pv_ag_250927.pdf\">Assembl\u00e9e G\u00e9n\u00e9rale Ordinaire du 27 septembre 2025<\/a><\/li>\n<li><a href=\"https:\/\/voyager3.com\/wp-content\/uploads\/2025\/10\/cr_ca_251018.pdf\">Conseil d&rsquo;Administration du 18 octobre 2025<\/a><\/li>\n<li><a href=\"https:\/\/voyager3.com\/wp-content\/uploads\/2026\/03\/cr_ca_260117.pdf\">Conseil d&rsquo;Administration du 17 janvier 2026<\/a><\/li>\n<li>Conseil d&rsquo;Administration du 04 avril 2026<\/li>\n<\/ul>\n","protected":false},"excerpt":{"rendered":"<p>Assembl\u00e9e G\u00e9n\u00e9rale Ordinaire du 27 septembre 2025 Conseil d&rsquo;Administration du 18 octobre 2025 Conseil d&rsquo;Administration du 17 janvier 2026 Conseil d&rsquo;Administration du 04 avril 2026<\/p>\n","protected":false},"author":8,"featured_media":0,"parent":51,"menu_order":2025,"comment_status":"closed","ping_status":"closed","template":"","meta":{"_exactmetrics_skip_tracking":false,"_exactmetrics_sitenote_active":false,"_exactmetrics_sitenote_note":"","_exactmetrics_sitenote_category":0,"jetpack_post_was_ever_published":false,"footnotes":""},"class_list":["post-3529","page","type-page","status-publish","hentry"],"jetpack_sharing_enabled":true,"jetpack_shortlink":"https:\/\/wp.me\/P6Vaq2-UV","jetpack_likes_enabled":true,"_links":{"self":[{"href":"https:\/\/voyager3.com\/index.php?rest_route=\/wp\/v2\/pages\/3529","targetHints":{"allow":["GET"]}}],"collection":[{"href":"https:\/\/voyager3.com\/index.php?rest_route=\/wp\/v2\/pages"}],"about":[{"href":"https:\/\/voyager3.com\/index.php?rest_route=\/wp\/v2\/types\/page"}],"author":[{"embeddable":true,"href":"https:\/\/voyager3.com\/index.php?rest_route=\/wp\/v2\/users\/8"}],"replies":[{"embeddable":true,"href":"https:\/\/voyager3.com\/index.php?rest_route=%2Fwp%2Fv2%2Fcomments&post=3529"}],"version-history":[{"count":3,"href":"https:\/\/voyager3.com\/index.php?rest_route=\/wp\/v2\/pages\/3529\/revisions"}],"predecessor-version":[{"id":3583,"href":"https:\/\/voyager3.com\/index.php?rest_route=\/wp\/v2\/pages\/3529\/revisions\/3583"}],"up":[{"embeddable":true,"href":"https:\/\/voyager3.com\/index.php?rest_route=\/wp\/v2\/pages\/51"}],"wp:attachment":[{"href":"https:\/\/voyager3.com\/index.php?rest_route=%2Fwp%2Fv2%2Fmedia&parent=3529"}],"curies":[{"name":"wp","href":"https:\/\/api.w.org\/{rel}","templated":true}]}}