{"id":3457,"date":"2025-07-03T18:52:56","date_gmt":"2025-07-03T16:52:56","guid":{"rendered":"https:\/\/voyager3.com\/?page_id=3457"},"modified":"2025-07-10T19:07:25","modified_gmt":"2025-07-10T17:07:25","slug":"nuit-des-etoiles-2025","status":"publish","type":"page","link":"https:\/\/voyager3.com\/?page_id=3457","title":{"rendered":"Nuit des Etoiles 2025"},"content":{"rendered":"\n<div class=\"wp-block-cover aligncenter\" style=\"min-height:224px;aspect-ratio:unset;\"><img data-recalc-dims=\"1\" loading=\"lazy\" decoding=\"async\" width=\"648\" height=\"243\" data-attachment-id=\"3094\" data-permalink=\"https:\/\/voyager3.com\/?attachment_id=3094\" data-orig-file=\"https:\/\/i0.wp.com\/voyager3.com\/wp-content\/uploads\/2022\/07\/NEW_HEADER-5eea.jpeg?fit=1600%2C600&amp;ssl=1\" data-orig-size=\"1600,600\" data-comments-opened=\"0\" data-image-meta=\"{&quot;aperture&quot;:&quot;0&quot;,&quot;credit&quot;:&quot;&quot;,&quot;camera&quot;:&quot;&quot;,&quot;caption&quot;:&quot;&quot;,&quot;created_timestamp&quot;:&quot;0&quot;,&quot;copyright&quot;:&quot;&quot;,&quot;focal_length&quot;:&quot;0&quot;,&quot;iso&quot;:&quot;0&quot;,&quot;shutter_speed&quot;:&quot;0&quot;,&quot;title&quot;:&quot;&quot;,&quot;orientation&quot;:&quot;0&quot;}\" data-image-title=\"NEW_HEADER-5eea\" data-image-description=\"\" data-image-caption=\"\" data-large-file=\"https:\/\/i0.wp.com\/voyager3.com\/wp-content\/uploads\/2022\/07\/NEW_HEADER-5eea.jpeg?fit=648%2C243&amp;ssl=1\" class=\"wp-block-cover__image-background wp-image-3094\" alt=\"\" src=\"https:\/\/i0.wp.com\/voyager3.com\/wp-content\/uploads\/2022\/07\/NEW_HEADER-5eea.jpeg?resize=648%2C243&#038;ssl=1\" data-object-fit=\"cover\" srcset=\"https:\/\/i0.wp.com\/voyager3.com\/wp-content\/uploads\/2022\/07\/NEW_HEADER-5eea.jpeg?resize=1024%2C384&amp;ssl=1 1024w, https:\/\/i0.wp.com\/voyager3.com\/wp-content\/uploads\/2022\/07\/NEW_HEADER-5eea.jpeg?resize=300%2C113&amp;ssl=1 300w, https:\/\/i0.wp.com\/voyager3.com\/wp-content\/uploads\/2022\/07\/NEW_HEADER-5eea.jpeg?resize=768%2C288&amp;ssl=1 768w, https:\/\/i0.wp.com\/voyager3.com\/wp-content\/uploads\/2022\/07\/NEW_HEADER-5eea.jpeg?resize=1536%2C576&amp;ssl=1 1536w, https:\/\/i0.wp.com\/voyager3.com\/wp-content\/uploads\/2022\/07\/NEW_HEADER-5eea.jpeg?w=1600&amp;ssl=1 1600w, https:\/\/i0.wp.com\/voyager3.com\/wp-content\/uploads\/2022\/07\/NEW_HEADER-5eea.jpeg?w=1296&amp;ssl=1 1296w\" sizes=\"auto, (max-width: 648px) 100vw, 648px\" \/><span aria-hidden=\"true\" class=\"wp-block-cover__background has-background-dim\"><\/span><div class=\"wp-block-cover__inner-container is-layout-flow wp-block-cover-is-layout-flow\">\n<h1 class=\"wp-block-heading has-text-align-center has-large-font-size\"><strong><mark style=\"background-color:rgba(0, 0, 0, 0)\" class=\"has-inline-color has-white-color\">Les oc\u00e9ans du ciel<\/mark><\/strong><\/h1>\n<\/div><\/div>\n\n\n\n<p>&nbsp;<\/p>\n<p style=\"text-align: center;\"><img data-recalc-dims=\"1\" loading=\"lazy\" decoding=\"async\" data-attachment-id=\"3460\" data-permalink=\"https:\/\/voyager3.com\/?attachment_id=3460\" data-orig-file=\"https:\/\/i0.wp.com\/voyager3.com\/wp-content\/uploads\/2025\/07\/afficheNDE25.jpg?fit=677%2C957&amp;ssl=1\" data-orig-size=\"677,957\" data-comments-opened=\"0\" data-image-meta=\"{&quot;aperture&quot;:&quot;0&quot;,&quot;credit&quot;:&quot;&quot;,&quot;camera&quot;:&quot;&quot;,&quot;caption&quot;:&quot;&quot;,&quot;created_timestamp&quot;:&quot;0&quot;,&quot;copyright&quot;:&quot;&quot;,&quot;focal_length&quot;:&quot;0&quot;,&quot;iso&quot;:&quot;0&quot;,&quot;shutter_speed&quot;:&quot;0&quot;,&quot;title&quot;:&quot;&quot;,&quot;orientation&quot;:&quot;0&quot;}\" data-image-title=\"afficheNDE25\" data-image-description=\"\" data-image-caption=\"\" data-large-file=\"https:\/\/i0.wp.com\/voyager3.com\/wp-content\/uploads\/2025\/07\/afficheNDE25.jpg?fit=648%2C916&amp;ssl=1\" class=\"aligncenter size-full wp-image-3460\" src=\"https:\/\/i0.wp.com\/voyager3.com\/wp-content\/uploads\/2025\/07\/afficheNDE25.jpg?resize=648%2C916&#038;ssl=1\" alt=\"Affiche de la Nuit des Etoiles 2025\" width=\"648\" height=\"916\" srcset=\"https:\/\/i0.wp.com\/voyager3.com\/wp-content\/uploads\/2025\/07\/afficheNDE25.jpg?w=677&amp;ssl=1 677w, https:\/\/i0.wp.com\/voyager3.com\/wp-content\/uploads\/2025\/07\/afficheNDE25.jpg?resize=212%2C300&amp;ssl=1 212w\" sizes=\"auto, (max-width: 648px) 100vw, 648px\" \/><\/p>\n\n\n\n<p class=\"has-text-align-center\"><span style=\"font-family: verdana, geneva, sans-serif; font-size: 10pt;\"><b>VOYAGER 3 Astronomie<\/b> vous invite \u00e0 retrouver ses animateurs pour f\u00eater les \u00e9toiles le<\/span><\/p>\n\n\n\n<p class=\"has-text-align-center\"><span style=\"font-family: verdana, geneva, sans-serif; font-size: 10pt;\"><strong>Samedi 2 ao\u00fbt, \u00e0 partir de 17h \u00e0 l&rsquo;Observatoire Bretagne Atlantique de S\u00e9v\u00e9rac<\/strong><\/span><\/p>\n\n\n\n<p class=\"has-text-align-center\">Entr\u00e9e gratuite &#8211; Maintenu en cas de mauvais temps<\/p>\n\n\n\n<p class=\"has-text-align-center\"><span style=\"font-family: verdana, geneva, sans-serif; font-size: 10pt;\">Pour la 33\u00e8me \u00e9dition de cette grande f\u00eate du ciel nationale \u00e0 S\u00e9v\u00e9rac, le th\u00e8me choisi est <a href=\"https:\/\/www.afastronomie.fr\/le-theme-des-nuits\">\u00ab\u00a0Les oc\u00e9ans du ciel\u00a0\u00bb<\/a>.<br><\/span><\/p>\n\n\n\n<p><span style=\"font-family: verdana, geneva, sans-serif; font-size: 10pt;\">Retrouvez-nous autour de stands et d&rsquo;\u00e9changes avec nos membres. Vous pourrez visiter la coupole et son t\u00e9lescope avec toujours priorit\u00e9 \u00e0 l&rsquo;observation une fois la nuit tomb\u00e9e, r\u00e9elle ou virtuelle, en fonction de la m\u00e9t\u00e9o&#8230;<\/span><\/p>\n\n\n\n<p><span style=\"font-family: verdana, geneva, sans-serif; font-size: 10pt;\"><b>Plus de vingt-cinq animateurs et b\u00e9n\u00e9voles pour vous faire (re)d\u00e9couvrir les merveilles de l&rsquo;Univers, avec plus d&rsquo;une quinzaine d&rsquo;instruments allant de la lunette de 60 mm au t\u00e9lescope de 430 mm.<\/b><\/span><\/p>\n\n\n\n<h1 class=\"wp-block-heading\">PROGRAMME<\/h1>\n\n\n\n<h2 class=\"wp-block-heading\">Animations en int\u00e9rieur<\/h2>\n\n\n\n<p>Vous pourrez d\u00e9ambuler dans la salle climatis\u00e9e parmi les stands o\u00f9 des membres de l\u2019association seront disponibles pour r\u00e9pondre \u00e0 vos questions.<\/p>\n\n\n\n<ul class=\"wp-block-list\">\n<li><strong>Photographies faites par des membres de l\u2019association<\/strong><\/li>\n\n\n\n<li>Panneaux explicatifs<\/li>\n\n\n\n<li>Maquettes<\/li>\n\n\n\n<li>Pr\u00e9sentation de mat\u00e9riels d\u2019observation et photographie<\/li>\n\n\n\n<li><strong>Conf\u00e9rence AFA \u00ab\u00a0Les oc\u00e9ans du ciel\u00a0\u00bb<\/strong> (2 repr\u00e9sentations, horaires donn\u00e9s sur place car pouvant varier)<\/li>\n\n\n\n<li><strong>Visite de la coupole de l\u2019observatoire<\/strong> :\n<ul class=\"wp-block-list\">\n<li>Afin de fluidifier la visite de la coupole tout en limitant le temps d&rsquo;attente pour vous permettre de mieux profiter de toutes les activit\u00e9s propos\u00e9es, <strong>les places devront \u00eatre r\u00e9serv\u00e9es \u00e0 l&rsquo;accueil <span style=\"text-decoration: underline;\">avec un horaire de passage devant \u00eatre respect\u00e9<\/span><\/strong>.<\/li>\n\n\n\n<li>La salle d&rsquo;attente climatis\u00e9e est repens\u00e9e avec une exposition des r\u00e9alisations faites gr\u00e2ce au mat\u00e9riel de l&rsquo;observatoire.<\/li>\n<\/ul>\n<\/li>\n<\/ul>\n\n\n\n<h2 class=\"wp-block-heading\">Animations en ext\u00e9rieur<\/h2>\n\n\n\n<p>Vous pourrez circuler \u00e0 votre rythme parmi les instruments o\u00f9 des membres de l\u2019association seront disponibles pour r\u00e9pondre \u00e0 vos questions :<\/p>\n\n\n\n<ul class=\"wp-block-list\">\n<li>Pr\u00e9sentation de mat\u00e9riels d\u2019observation et photographie<\/li>\n\n\n\n<li>Observation du Soleil avec des instruments adapt\u00e9s.<\/li>\n\n\n\n<li>Observations de quelques cibles spectaculaires (Lune, plan\u00e8tes, amas d\u2019\u00e9toiles, n\u00e9buleuses,<br>galaxies) avec une quinzaine d\u2019instruments mis \u00e0 disposition.<\/li>\n\n\n\n<li>Visite guid\u00e9e des constellations \u00e0 la tomb\u00e9e de la nuit avec un animateur qui vous fera cheminer sur la vo\u00fbte c\u00e9leste.<\/li>\n<\/ul>\n\n\n\n<p>Tout cela sera ponctu\u00e9 par les <span style=\"text-decoration: underline;\"><span style=\"color: #ff0000; text-decoration: underline;\"><a style=\"color: #ff0000; text-decoration: underline;\" href=\"https:\/\/www.frim-official.com\/\">interventions musicales de Frim<\/a><\/span><\/span>.<\/p>\n\n\n\n<h1 class=\"wp-block-heading\">RAFRA\u00ceCHISSEMENTS &amp; RESTAURATION<\/h1>\n\n\n\n<p>L&rsquo;astro-bar toujours pr\u00e9sent avec boissons fra\u00eeches et caf\u00e9, ainsi qu&rsquo;une petite restauration.<br>(nouveaut\u00e9 : paiement CB disponible !)<\/p>\n\n\n\n<h1 class=\"wp-block-heading\">EN PRATIQUE<\/h1>\n\n\n\n<p>Les personnes souhaitant participer aux observations du ciel nocturne sont invit\u00e9es \u00e0 pr\u00e9voir des v\u00eatements suffisamment chauds.<br>L\u2019<strong>acc\u00e8s est libre et gratuit, sans r\u00e9servation (sauf pour l&rsquo;acc\u00e8s \u00e0 la coupole, voir plus haut)<\/strong>. Vous pouvez arriver \u00e0 l\u2019heure qui vous convient.<br>Vu le public attendu lors de cette animation (500 \u00e0 1000 personnes), nous ne pourrons consacrer de temps \u00e0 des \u00e9changes individuels prolong\u00e9s (explications sur l&rsquo;utilisation d&rsquo;un instrument personnel par exemple &#8211; la place pour installer un instrument personnel \u00e9tant limit\u00e9e et l&rsquo;acheminement de ce mat\u00e9riel pouvant \u00eatre compliqu\u00e9 vu l&rsquo;affluence). Il ne pourra pas non plus y avoir d&rsquo;accompagnement sp\u00e9cifique pour des groupes. Pour cela, nous invitons les personnes int\u00e9ress\u00e9es \u00e0 nous rendre visite un vendredi soir apr\u00e8s une prise de rendez-vous par t\u00e9l\u00e9phone.<\/p>\n\n\n\n<p class=\"has-text-align-center\"><strong>Le vendredi 1er ao\u00fbt 2025 en soir\u00e9e, \u00e9tant en pleine pr\u00e9paration de cette manifestation, nous ne recevrons aucun visiteur.<\/strong><\/p>\n\n\n\n<p class=\"has-text-align-center\"><span style=\"font-family: verdana, geneva, sans-serif; font-size: 10pt;\">Pour plus de renseignements<\/span><br><span style=\"font-family: verdana, geneva, sans-serif; font-size: 10pt;\">02 40 15 58 86 \/ 06 52 68 20 79 \/ <a href=\"mailto:info@voyager3.com\">info@voyager3.com<\/a><\/span><\/p>\n\n\n\n<pre style=\"text-align: center;\">Partenaires :<br><a href=\"https:\/\/www.afastronomie.fr\/\" target=\"_blank\" rel=\"noopener noreferrer\">AFA<\/a><br><a href=\"http:\/\/www.enseignementsup-recherche.gouv.fr\/\" target=\"_blank\" rel=\"noopener noreferrer\">Minist\u00e8re charg\u00e9 de l'enseignement sup\u00e9rieur et de la recherche<\/a><br><a href=\"https:\/\/cnes.fr\/fr\" target=\"_blank\" rel=\"noopener noreferrer\">CNES<\/a> <a href=\"http:\/\/www.unistellar.com\/fr\/\" target=\"_blank\" rel=\"noopener\">Unistellar<\/a> <a href=\"_wp_link_placeholder\" data-wplink-edit=\"true\">MUN Watches<\/a> <a href=\"http:\/\/www.cieletespace.fr\" target=\"_blank\" rel=\"noreferrer noopener\">Ciel &amp; Espace<\/a><br><a href=\"http:\/\/www.mairie-severac.fr\/\" target=\"_blank\" rel=\"noopener noreferrer\">Commune de S\u00e9v\u00e9rac<\/a> <a href=\"http:\/\/www.pontchateau-saintgildasdesbois.com\/\" target=\"_blank\" rel=\"noopener noreferrer\">Office de tourisme de Pontch\u00e2teau Saint-Gildas-des-Bois<\/a><\/pre>\n\n\n","protected":false},"excerpt":{"rendered":"<p>&nbsp; VOYAGER 3 Astronomie vous invite \u00e0 retrouver ses animateurs pour f\u00eater les \u00e9toiles le Samedi 2 ao\u00fbt, \u00e0 partir de 17h \u00e0 l&rsquo;Observatoire Bretagne Atlantique de S\u00e9v\u00e9rac Entr\u00e9e gratuite &#8211; Maintenu en cas de mauvais temps Pour la 33\u00e8me \u00e9dition de cette grande f\u00eate du ciel nationale \u00e0 S\u00e9v\u00e9rac, le th\u00e8me choisi est \u00ab\u00a0Les [&hellip;]<\/p>\n","protected":false},"author":8,"featured_media":0,"parent":285,"menu_order":2025,"comment_status":"closed","ping_status":"closed","template":"","meta":{"_exactmetrics_skip_tracking":false,"_exactmetrics_sitenote_active":false,"_exactmetrics_sitenote_note":"","_exactmetrics_sitenote_category":0,"jetpack_post_was_ever_published":false,"footnotes":""},"class_list":["post-3457","page","type-page","status-publish","hentry"],"jetpack_sharing_enabled":true,"jetpack_shortlink":"https:\/\/wp.me\/P6Vaq2-TL","jetpack_likes_enabled":true,"_links":{"self":[{"href":"https:\/\/voyager3.com\/index.php?rest_route=\/wp\/v2\/pages\/3457","targetHints":{"allow":["GET"]}}],"collection":[{"href":"https:\/\/voyager3.com\/index.php?rest_route=\/wp\/v2\/pages"}],"about":[{"href":"https:\/\/voyager3.com\/index.php?rest_route=\/wp\/v2\/types\/page"}],"author":[{"embeddable":true,"href":"https:\/\/voyager3.com\/index.php?rest_route=\/wp\/v2\/users\/8"}],"replies":[{"embeddable":true,"href":"https:\/\/voyager3.com\/index.php?rest_route=%2Fwp%2Fv2%2Fcomments&post=3457"}],"version-history":[{"count":6,"href":"https:\/\/voyager3.com\/index.php?rest_route=\/wp\/v2\/pages\/3457\/revisions"}],"predecessor-version":[{"id":3476,"href":"https:\/\/voyager3.com\/index.php?rest_route=\/wp\/v2\/pages\/3457\/revisions\/3476"}],"up":[{"embeddable":true,"href":"https:\/\/voyager3.com\/index.php?rest_route=\/wp\/v2\/pages\/285"}],"wp:attachment":[{"href":"https:\/\/voyager3.com\/index.php?rest_route=%2Fwp%2Fv2%2Fmedia&parent=3457"}],"curies":[{"name":"wp","href":"https:\/\/api.w.org\/{rel}","templated":true}]}}