{"id":2409,"date":"2019-03-18T12:47:59","date_gmt":"2019-03-18T11:47:59","guid":{"rendered":"http:\/\/voyager3.com\/?page_id=2409"},"modified":"2019-04-24T22:15:18","modified_gmt":"2019-04-24T20:15:18","slug":"pv-cr-2006-2007","status":"publish","type":"page","link":"https:\/\/voyager3.com\/?page_id=2409","title":{"rendered":"PV\/CR 2006-2007"},"content":{"rendered":"<p>&#8211;<a href=\"https:\/\/voyager3.com\/wp-content\/uploads\/2015\/05\/ag060922_pv.pdf\">\u00a0Assembl\u00e9e g\u00e9n\u00e9rale ordinaire du 22 septembre 2006<\/a><\/p>\n<p>&#8211; <a href=\"https:\/\/voyager3.com\/wp-content\/uploads\/2015\/05\/cr_ca_061028.pdf\">Conseil d&rsquo;administration du 28\/10\/2006<\/a><\/p>\n<p>&#8211; <a href=\"https:\/\/voyager3.com\/wp-content\/uploads\/2015\/05\/cr_ca_070120.pdf\">Conseil d&rsquo;administration du 20\/01\/2007<\/a><\/p>\n<p>&#8211; <a href=\"https:\/\/voyager3.com\/wp-content\/uploads\/2015\/05\/cr_ca_070505.pdf\">Conseil d&rsquo;administration du 05\/05\/2007<\/a><\/p>\n","protected":false},"excerpt":{"rendered":"<p>&#8211;\u00a0Assembl\u00e9e g\u00e9n\u00e9rale ordinaire du 22 septembre 2006 &#8211; Conseil d&rsquo;administration du 28\/10\/2006 &#8211; Conseil d&rsquo;administration du 20\/01\/2007 &#8211; Conseil d&rsquo;administration du 05\/05\/2007<\/p>\n","protected":false},"author":8,"featured_media":0,"parent":51,"menu_order":2006,"comment_status":"closed","ping_status":"closed","template":"","meta":{"_exactmetrics_skip_tracking":false,"_exactmetrics_sitenote_active":false,"_exactmetrics_sitenote_note":"","_exactmetrics_sitenote_category":0,"jetpack_post_was_ever_published":false,"footnotes":""},"class_list":["post-2409","page","type-page","status-publish","hentry"],"jetpack_sharing_enabled":false,"jetpack_shortlink":"https:\/\/wp.me\/P6Vaq2-CR","jetpack_likes_enabled":false,"_links":{"self":[{"href":"https:\/\/voyager3.com\/index.php?rest_route=\/wp\/v2\/pages\/2409","targetHints":{"allow":["GET"]}}],"collection":[{"href":"https:\/\/voyager3.com\/index.php?rest_route=\/wp\/v2\/pages"}],"about":[{"href":"https:\/\/voyager3.com\/index.php?rest_route=\/wp\/v2\/types\/page"}],"author":[{"embeddable":true,"href":"https:\/\/voyager3.com\/index.php?rest_route=\/wp\/v2\/users\/8"}],"replies":[{"embeddable":true,"href":"https:\/\/voyager3.com\/index.php?rest_route=%2Fwp%2Fv2%2Fcomments&post=2409"}],"version-history":[{"count":3,"href":"https:\/\/voyager3.com\/index.php?rest_route=\/wp\/v2\/pages\/2409\/revisions"}],"predecessor-version":[{"id":2461,"href":"https:\/\/voyager3.com\/index.php?rest_route=\/wp\/v2\/pages\/2409\/revisions\/2461"}],"up":[{"embeddable":true,"href":"https:\/\/voyager3.com\/index.php?rest_route=\/wp\/v2\/pages\/51"}],"wp:attachment":[{"href":"https:\/\/voyager3.com\/index.php?rest_route=%2Fwp%2Fv2%2Fmedia&parent=2409"}],"curies":[{"name":"wp","href":"https:\/\/api.w.org\/{rel}","templated":true}]}}