{"id":2,"date":"2014-06-10T10:31:46","date_gmt":"2014-06-10T10:31:46","guid":{"rendered":"http:\/\/voyager3.com\/?page_id=2"},"modified":"2018-04-16T22:55:42","modified_gmt":"2018-04-16T20:55:42","slug":"sample-page","status":"publish","type":"page","link":"https:\/\/voyager3.com\/?page_id=2","title":{"rendered":"L\u2019association"},"content":{"rendered":"<p><span style=\"color: #000080;\">Depuis 1994, le club VOYAGER 3 ASTRONOMIE (association loi 1901) <\/span><span style=\"color: #000080;\">permet aux passionn\u00e9s comme aux simples curieux du ciel d&rsquo;observer notre vo\u00fbte c\u00e9leste et d&rsquo;en percer les secrets.<\/span><\/p>\n<p><img data-recalc-dims=\"1\" loading=\"lazy\" decoding=\"async\" data-attachment-id=\"423\" data-permalink=\"https:\/\/voyager3.com\/?attachment_id=423\" data-orig-file=\"https:\/\/i0.wp.com\/voyager3.com\/wp-content\/uploads\/2014\/06\/coupole3.jpg?fit=1772%2C1329&amp;ssl=1\" data-orig-size=\"1772,1329\" data-comments-opened=\"0\" data-image-meta=\"{&quot;aperture&quot;:&quot;5.6&quot;,&quot;credit&quot;:&quot;&quot;,&quot;camera&quot;:&quot;DMC-FZ48&quot;,&quot;caption&quot;:&quot;&quot;,&quot;created_timestamp&quot;:&quot;1400352694&quot;,&quot;copyright&quot;:&quot;&quot;,&quot;focal_length&quot;:&quot;4.5&quot;,&quot;iso&quot;:&quot;100&quot;,&quot;shutter_speed&quot;:&quot;0.0015625&quot;,&quot;title&quot;:&quot;&quot;,&quot;orientation&quot;:&quot;1&quot;}\" data-image-title=\"coupole3\" data-image-description=\"\" data-image-caption=\"\" data-large-file=\"https:\/\/i0.wp.com\/voyager3.com\/wp-content\/uploads\/2014\/06\/coupole3.jpg?fit=648%2C486&amp;ssl=1\" class=\"alignright wp-image-423\" title=\"L'observatoire vu du terrain d'observation\" src=\"https:\/\/i0.wp.com\/voyager3.com\/wp-content\/uploads\/2014\/06\/coupole3.jpg?resize=367%2C275&#038;ssl=1\" alt=\"\" width=\"367\" height=\"275\" srcset=\"https:\/\/i0.wp.com\/voyager3.com\/wp-content\/uploads\/2014\/06\/coupole3.jpg?resize=300%2C225&amp;ssl=1 300w, https:\/\/i0.wp.com\/voyager3.com\/wp-content\/uploads\/2014\/06\/coupole3.jpg?resize=1024%2C768&amp;ssl=1 1024w, https:\/\/i0.wp.com\/voyager3.com\/wp-content\/uploads\/2014\/06\/coupole3.jpg?resize=175%2C131&amp;ssl=1 175w, https:\/\/i0.wp.com\/voyager3.com\/wp-content\/uploads\/2014\/06\/coupole3.jpg?resize=667%2C500&amp;ssl=1 667w, https:\/\/i0.wp.com\/voyager3.com\/wp-content\/uploads\/2014\/06\/coupole3.jpg?w=1772&amp;ssl=1 1772w, https:\/\/i0.wp.com\/voyager3.com\/wp-content\/uploads\/2014\/06\/coupole3.jpg?w=1296&amp;ssl=1 1296w\" sizes=\"auto, (max-width: 367px) 100vw, 367px\" \/><\/p>\n<p><span style=\"color: #000080;\">Du simple rep\u00e9rage des constellations \u00e0 la recherche de galaxies lointaines, l&rsquo;astronomie ouvre ses portes sur la compr\u00e9hension de notre univers et de notre plan\u00e8te. Observer les \u00e9toiles, c&rsquo;est plonger dans le pass\u00e9, contempler le pr\u00e9sent et mettre un pied dans le futur. Pour cela, il n&rsquo;est pas besoin d&rsquo;\u00eatre un as de la physique, ou un observateur confirm\u00e9. VOYAGER 3 a pour vocation de se placer au niveau des connaissances de chacun, et de pouvoir utiliser rapidement les instruments d&rsquo;observation. C&rsquo;est la principale activit\u00e9 du club, cela d\u00e8s que les conditions m\u00e9t\u00e9o le permettent.<\/span><\/p>\n<p><span style=\"color: #000080;\">L&rsquo;observation est r\u00e9alis\u00e9e par petits groupes de 2 ou 3 personnes disposant d&rsquo;un instrument, allant des jumelles au t\u00e9lescope de 430 mm permettant la photographie du ciel. En fonction de la configuration du ciel et de la position des plan\u00e8tes, chaque groupe d\u00e9termine un sujet d&rsquo;observation qu&rsquo;il m\u00e8nera \u00e0 bien, gr\u00e2ce aux conseils des animateurs. Cependant, le club peut se r\u00e9unir autour d&rsquo;une observation exceptionnelle (com\u00e8te, \u00e9toiles filantes, \u00e9clipse&#8230;), ou organiser des soir\u00e9es grand public (nuit des \u00e9toiles), afin d&rsquo;\u00e9changer les connaissances et ainsi se perfectionner.<\/span><\/p>\n<p><span style=\"color: #000080;\">Les r\u00e9unions ont lieu tous les vendredi soir \u00e0 partir de 20h30 et occasionnellement le samedi apr\u00e8s-midi, pour des activit\u00e9s vari\u00e9es (traitement photo, construction de mat\u00e9riel p\u00e9dagogique, entretien du mat\u00e9riel de l&rsquo;observatoire, site Internet&#8230;).<br \/>\n<\/span><\/p>\n<p><span style=\"color: #000080;\">Notre lieu de rencontre est situ\u00e9 \u00e0 l&rsquo;Observatoire Bretagne Atlantique, \u00e0 S\u00e9v\u00e9rac. Nous y disposons d&rsquo;une salle de r\u00e9union\/bureau, d&rsquo;une salle de conf\u00e9rence\/r\u00e9ception\/exposition (salle de restauration scolaire mise \u00e0 disposition), d&rsquo;une salle de rangement pour le mat\u00e9riel et d&rsquo;une cuisine, et surtout d&rsquo;une coupole abritant notre t\u00e9lescope de 430 mm. Nous b\u00e9n\u00e9ficions \u00e9galement d&rsquo;un grand terrain pour observer, d&rsquo;un parking, et d&rsquo;un interrupteur pour couper l&rsquo;\u00e9clairage des lampadaires environnants.<\/span><\/p>\n","protected":false},"excerpt":{"rendered":"<p>Depuis 1994, le club VOYAGER 3 ASTRONOMIE (association loi 1901) permet aux passionn\u00e9s comme aux simples curieux du ciel d&rsquo;observer notre vo\u00fbte c\u00e9leste et d&rsquo;en percer les secrets. Du simple rep\u00e9rage des constellations \u00e0 la recherche de galaxies lointaines, l&rsquo;astronomie ouvre ses portes sur la compr\u00e9hension de notre univers et de notre plan\u00e8te. Observer les [&hellip;]<\/p>\n","protected":false},"author":1,"featured_media":0,"parent":0,"menu_order":1,"comment_status":"closed","ping_status":"closed","template":"","meta":{"_exactmetrics_skip_tracking":false,"_exactmetrics_sitenote_active":false,"_exactmetrics_sitenote_note":"","_exactmetrics_sitenote_category":0,"jetpack_post_was_ever_published":false,"footnotes":""},"class_list":["post-2","page","type-page","status-publish","hentry"],"jetpack_sharing_enabled":true,"jetpack_shortlink":"https:\/\/wp.me\/P6Vaq2-2","jetpack_likes_enabled":true,"_links":{"self":[{"href":"https:\/\/voyager3.com\/index.php?rest_route=\/wp\/v2\/pages\/2","targetHints":{"allow":["GET"]}}],"collection":[{"href":"https:\/\/voyager3.com\/index.php?rest_route=\/wp\/v2\/pages"}],"about":[{"href":"https:\/\/voyager3.com\/index.php?rest_route=\/wp\/v2\/types\/page"}],"author":[{"embeddable":true,"href":"https:\/\/voyager3.com\/index.php?rest_route=\/wp\/v2\/users\/1"}],"replies":[{"embeddable":true,"href":"https:\/\/voyager3.com\/index.php?rest_route=%2Fwp%2Fv2%2Fcomments&post=2"}],"version-history":[{"count":15,"href":"https:\/\/voyager3.com\/index.php?rest_route=\/wp\/v2\/pages\/2\/revisions"}],"predecessor-version":[{"id":2247,"href":"https:\/\/voyager3.com\/index.php?rest_route=\/wp\/v2\/pages\/2\/revisions\/2247"}],"wp:attachment":[{"href":"https:\/\/voyager3.com\/index.php?rest_route=%2Fwp%2Fv2%2Fmedia&parent=2"}],"curies":[{"name":"wp","href":"https:\/\/api.w.org\/{rel}","templated":true}]}}